{"id":71,"date":"2024-11-08T21:14:07","date_gmt":"2024-11-08T20:14:07","guid":{"rendered":"https:\/\/isidorus.fr\/accueil2\/?page_id=71"},"modified":"2024-11-08T21:14:07","modified_gmt":"2024-11-08T20:14:07","slug":"cgu-mentions-legales","status":"publish","type":"page","link":"https:\/\/isidorus.fr\/accueil\/cgu-mentions-legales\/","title":{"rendered":"CGU &#8211; mentions l\u00e9gales"},"content":{"rendered":"\n<h2 class=\"wp-block-heading\">H\u00e9bergeur<\/h2>\n\n\n\n<blockquote class=\"wp-block-quote is-layout-flow wp-block-quote-is-layout-flow\">\n<p class=\"wp-block-paragraph\"><a href=\"https:\/\/www.hetzner.com\">https:\/\/www.hetzner.com<\/a><\/p>\n\n\n\n<p class=\"wp-block-paragraph\">Hetzner Online GmbH<br>Industriestr. 25<br>91710 Gunzenhausen<br>Germany<\/p>\n<\/blockquote>\n\n\n\n<h2 class=\"wp-block-heading\">Conditions g\u00e9n\u00e9rales d&rsquo;utilisation<\/h2>\n\n\n\n<h3 class=\"wp-block-heading\">G\u00e9n\u00e9ralit\u00e9<\/h3>\n\n\n\n<p class=\"wp-block-paragraph\">Les pr\u00e9sentes Conditions G\u00e9n\u00e9rales d&rsquo;utilisation s&rsquo;appliquent exclusivement \u00e0 isidorus.fr et ses services. isidorus.fr d\u00e9signe l&rsquo;infrastructure mat\u00e9rielle, syst\u00e8me et logicielle h\u00e9bergeant les services fournis \u00e0 l&rsquo;utilisateur via le domaine isidorus.fr et ses sous-domaines. Les conditions sont sujettes \u00e0 modification afin de les adapter \u00e0 des dispositions futures. L&rsquo;historique de ces modifications est disponible sur <a href=\"https:\/\/gitlab.com\/nathanael2\/cloud_home\">le d\u00e9p\u00f4t gitlab de ce site<\/a>.<\/p>\n\n\n\n<h3 class=\"wp-block-heading\">Disponibilit\u00e9<\/h3>\n\n\n\n<p class=\"wp-block-paragraph\">isidorus.fr ne garantit pas un acc\u00e8s permanent aux services. Cependant, la disponibilit\u00e9 est assur\u00e9e au mieux.<\/p>\n\n\n\n<h3 class=\"wp-block-heading\">Donn\u00e9es personnelles et respect de la vie priv\u00e9e<\/h3>\n\n\n\n<h4 class=\"wp-block-heading\">Propri\u00e9t\u00e9<\/h4>\n\n\n\n<p class=\"wp-block-paragraph\">isidorus.fr ne s&rsquo;octroie aucun droit de propri\u00e9t\u00e9 sur les donn\u00e9es personnelles produites par les utilisateurs ou utilisatrices. Les donn\u00e9es personnelles regroupent l&rsquo;ensemble des donn\u00e9es li\u00e9es \u00e0 une personne \u00e0 l&rsquo;exception des journaux syst\u00e8mes et des relev\u00e9s m\u00e9trologiques.<\/p>\n\n\n\n<h4 class=\"wp-block-heading\">Utilisation<\/h4>\n\n\n\n<p class=\"wp-block-paragraph\">Les donn\u00e9es fournies par les utilisateurs et utilisatrices ne sont utilis\u00e9es que pour fournir le service li\u00e9. En aucun cas une utilisation autre des donn\u00e9es personnelles n&rsquo;est faite telle que leur valorisation commerciale. Seuls les journaux syst\u00e8mes sont utilis\u00e9s pour garantir la s\u00e9curit\u00e9 de l&rsquo;infrastructure contre des actions malintentionn\u00e9es et pour des raisons l\u00e9gales. Les r\u00e9v\u00e9l\u00e9s m\u00e9trologiques permettent le suivi de l&rsquo;utilisation des ressources d&rsquo;isidorus.fr et ne peuvent identifier une personne sp\u00e9cifiquement. Ils sont accessibles et visualisables par le responsable d&rsquo;isidorus.fr via une page d\u00e9di\u00e9e. Les utilisateurs sont responsables de leur propre usage des services d&rsquo;isidorus.fr et des donn\u00e9es que chacun y stocke. Il est imp\u00e9ratif de respecter le cadre l\u00e9gal en vigueur en France. Le non respect de cela peut entrainer la suppression de donn\u00e9es ill\u00e9gales ou la fermeture du compte et la suppression des donn\u00e9es li\u00e9es.<\/p>\n\n\n\n<h4 class=\"wp-block-heading\">Conservation<\/h4>\n\n\n\n<p class=\"wp-block-paragraph\">Les donn\u00e9es personnelles sont conserv\u00e9es pour la dur\u00e9e de provision du service \u00e0 l&rsquo;utilisateur ou utilisatrice.<\/p>\n\n\n\n<h4 class=\"wp-block-heading\">Suppression<\/h4>\n\n\n\n<p class=\"wp-block-paragraph\">L&rsquo;utilisateur peut, \u00e0 tout moment, d\u00e9finitivement supprimer ses donn\u00e9es personnelles et comptes stock\u00e9s par isidorus.fr. Il peut s&rsquo;agir d&rsquo;une fonctionnalit\u00e9 fournie par un service ou bien d&rsquo;une demande adress\u00e9e au responsable d&rsquo;isidorus.fr. Une pr\u00e9cision cependant : un compte supprim\u00e9 le sera au moment o\u00f9 la suppression sera effectu\u00e9e par l&rsquo;administrateur, par contre en l&rsquo;\u00e9tat actuel il ne sera pas possible de supprimer le compte dans les sauvegardes. La suppression interviendra lors de la purge des anciennes sauvegardes, soit au maximum 12 mois apr\u00e8s la suppression.<\/p>\n\n\n\n<h4 class=\"wp-block-heading\">R\u00e9cup\u00e9ration<\/h4>\n\n\n\n<p class=\"wp-block-paragraph\">L&rsquo;utilisateur ou utilisatrice peut, \u00e0 tout moment, r\u00e9cup\u00e9rer ses donn\u00e9es personnelles et comptes stock\u00e9s par isidorus.fr. Il peut s&rsquo;agir d&rsquo;une fonctionnalit\u00e9 fournie par un service ou bien d&rsquo;une demande adress\u00e9e au responsable d&rsquo;isidorus.fr.<\/p>\n","protected":false},"excerpt":{"rendered":"<p>H\u00e9bergeur https:\/\/www.hetzner.com Hetzner Online GmbHIndustriestr. 2591710 GunzenhausenGermany Conditions g\u00e9n\u00e9rales d&rsquo;utilisation G\u00e9n\u00e9ralit\u00e9 Les pr\u00e9sentes Conditions G\u00e9n\u00e9rales d&rsquo;utilisation s&rsquo;appliquent exclusivement \u00e0 isidorus.fr et ses services. isidorus.fr d\u00e9signe l&rsquo;infrastructure mat\u00e9rielle, syst\u00e8me et logicielle h\u00e9bergeant les services fournis \u00e0 l&rsquo;utilisateur via le domaine isidorus.fr et ses sous-domaines. Les conditions sont sujettes \u00e0 modification afin de les adapter \u00e0 des [&hellip;]<\/p>\n","protected":false},"author":1,"featured_media":0,"parent":0,"menu_order":0,"comment_status":"closed","ping_status":"closed","template":"","meta":{"_crdt_document":"","footnotes":""},"class_list":["post-71","page","type-page","status-publish","hentry"],"_links":{"self":[{"href":"https:\/\/isidorus.fr\/accueil\/wp-json\/wp\/v2\/pages\/71","targetHints":{"allow":["GET"]}}],"collection":[{"href":"https:\/\/isidorus.fr\/accueil\/wp-json\/wp\/v2\/pages"}],"about":[{"href":"https:\/\/isidorus.fr\/accueil\/wp-json\/wp\/v2\/types\/page"}],"author":[{"embeddable":true,"href":"https:\/\/isidorus.fr\/accueil\/wp-json\/wp\/v2\/users\/1"}],"replies":[{"embeddable":true,"href":"https:\/\/isidorus.fr\/accueil\/wp-json\/wp\/v2\/comments?post=71"}],"version-history":[{"count":1,"href":"https:\/\/isidorus.fr\/accueil\/wp-json\/wp\/v2\/pages\/71\/revisions"}],"predecessor-version":[{"id":72,"href":"https:\/\/isidorus.fr\/accueil\/wp-json\/wp\/v2\/pages\/71\/revisions\/72"}],"wp:attachment":[{"href":"https:\/\/isidorus.fr\/accueil\/wp-json\/wp\/v2\/media?parent=71"}],"curies":[{"name":"wp","href":"https:\/\/api.w.org\/{rel}","templated":true}]}}